{"id":9889,"date":"2024-12-03T10:57:39","date_gmt":"2024-12-03T10:57:39","guid":{"rendered":"https:\/\/pixelfy.ro\/gpl\/?page_id=9889"},"modified":"2026-02-25T11:36:15","modified_gmt":"2026-02-25T11:36:15","slug":"filtre-gpl-bulpren","status":"publish","type":"page","link":"https:\/\/pixelfy.ro\/gpl\/filtre-gpl-bulpren\/","title":{"rendered":"Filtre GPL Twister"},"content":{"rendered":"\t\t<div data-elementor-type=\"wp-page\" data-elementor-id=\"9889\" class=\"elementor elementor-9889\">\n\t\t\t\t\t\t<section class=\"elementor-section elementor-top-section elementor-element elementor-element-c04599d dsvy-col-stretched-none dsvy-bg-color-over-image elementor-section-boxed elementor-section-height-default elementor-section-height-default\" data-id=\"c04599d\" data-element_type=\"section\">\n\t\t\t\t\t\t<div class=\"elementor-container elementor-column-gap-default\">\n\t\t\t\t\t<div class=\"elementor-column elementor-col-100 elementor-top-column elementor-element elementor-element-ee20296 dsvy-bg-color-over-image\" data-id=\"ee20296\" data-element_type=\"column\">\n\t\t\t<div class=\"elementor-widget-wrap elementor-element-populated\">\n\t\t\t\t\t\t<section class=\"elementor-section elementor-inner-section elementor-element elementor-element-a737d73 dsvy-col-stretched-none dsvy-bg-color-over-image elementor-section-boxed elementor-section-height-default elementor-section-height-default\" data-id=\"a737d73\" data-element_type=\"section\">\n\t\t\t\t\t\t<div class=\"elementor-container elementor-column-gap-default\">\n\t\t\t\t\t<div class=\"elementor-column elementor-col-100 elementor-inner-column elementor-element elementor-element-236d391 dsvy-bg-color-over-image\" data-id=\"236d391\" data-element_type=\"column\">\n\t\t\t<div class=\"elementor-widget-wrap elementor-element-populated\">\n\t\t\t\t\t\t<div class=\"elementor-element elementor-element-e502f90 elementor-widget elementor-widget-text-editor\" data-id=\"e502f90\" data-element_type=\"widget\" data-widget_type=\"text-editor.default\">\n\t\t\t\t<div class=\"elementor-widget-container\">\n\t\t\t\t\t\t\t<div class=\"sec-title skew-lines\"><h5><span style=\"color: #000000;\">Filtre GPL Twister 360<\/span><\/h5><\/div><h5><span style=\"color: #000000;\">PROTEJEAZA-TI INVESTITIA CU CELE MAI PERFORMANTE FILTRE!<\/span><\/h5><p><span style=\"color: #000000;\"><strong>Supergaz utilizeaza filtre GPL Twister<\/strong>, de calitate superioara. Din analiza proprie, in service-urile noastre, am reusit cresterea duratei de viata al injectoarelor si al rampilor de injectie cu conditia schimbarii lor la <strong>maxim 15.000 km-20.000km<\/strong>\u00a0din cauza gazului de proasta calitate din Romania.<\/span><\/p><p data-start=\"218\" data-end=\"573\">Gazul introdus \u00een filtru este pus \u00een mi\u0219care sub form\u0103 de vortex \u00een interiorul corpului filtrului \u0219i este direc\u021bionat c\u0103tre partea inferioar\u0103 a acestuia. Pe parcurs, datorit\u0103 mi\u0219c\u0103rii de rota\u021bie, for\u021bei centrifuge \u0219i for\u021bei de iner\u021bie, particulele solide \u0219i lichide prezente \u00een gaz sunt separate prin centrifugare \u0219i re\u021binute \u00een partea de jos a filtrului.<\/p><p data-start=\"575\" data-end=\"740\">Ulterior, cartu\u0219ul filtrant realizeaz\u0103 o a doua etap\u0103 de cur\u0103\u021bare, elimin\u00e2nd impurit\u0103\u021bile fine r\u0103mase din fluxul de gaz, \u00een timp ce acesta urc\u0103 din nou c\u0103tre ie\u0219ire.<\/p><p data-start=\"742\" data-end=\"1014\">Utilizarea <strong data-start=\"753\" data-end=\"774\">filtrului Twister<\/strong> \u00een instala\u021bia GPL protejeaz\u0103 eficient injectoarele de gaz \u00eempotriva substan\u021belor uleioase \u0219i a particulelor solide, cresc\u00e2nd semnificativ fiabilitatea \u0219i func\u021bionarea f\u0103r\u0103 defec\u021biuni a \u00eentregului sistem de alimentare cu gaz al vehiculului.<\/p>\t\t\t\t\t\t<\/div>\n\t\t\t\t<\/div>\n\t\t\t\t\t<\/div>\n\t\t<\/div>\n\t\t\t\t\t<\/div>\n\t\t<\/section>\n\t\t\t\t<section class=\"elementor-section elementor-inner-section elementor-element elementor-element-2665b0a dsvy-col-stretched-none dsvy-bg-color-over-image elementor-section-boxed elementor-section-height-default elementor-section-height-default\" data-id=\"2665b0a\" data-element_type=\"section\">\n\t\t\t\t\t\t<div class=\"elementor-container elementor-column-gap-default\">\n\t\t\t\t\t<div class=\"elementor-column elementor-col-25 elementor-inner-column elementor-element elementor-element-0903c96 dsvy-bg-color-over-image\" data-id=\"0903c96\" data-element_type=\"column\">\n\t\t\t<div class=\"elementor-widget-wrap elementor-element-populated\">\n\t\t\t\t\t\t<div class=\"elementor-element elementor-element-76e2149 elementor-widget elementor-widget-image\" data-id=\"76e2149\" data-element_type=\"widget\" data-widget_type=\"image.default\">\n\t\t\t\t<div class=\"elementor-widget-container\">\n\t\t\t\t\t\t\t\t\t\t\t\t\t<img fetchpriority=\"high\" decoding=\"async\" width=\"847\" height=\"847\" src=\"https:\/\/pixelfy.ro\/gpl\/wp-content\/uploads\/2026\/02\/filtr-twister_3-1024x1024.png\" class=\"attachment-large size-large wp-image-10004\" alt=\"\" srcset=\"https:\/\/pixelfy.ro\/gpl\/wp-content\/uploads\/2026\/02\/filtr-twister_3-1024x1024.png 1024w, https:\/\/pixelfy.ro\/gpl\/wp-content\/uploads\/2026\/02\/filtr-twister_3-300x300.png 300w, https:\/\/pixelfy.ro\/gpl\/wp-content\/uploads\/2026\/02\/filtr-twister_3-150x150.png 150w, https:\/\/pixelfy.ro\/gpl\/wp-content\/uploads\/2026\/02\/filtr-twister_3-768x768.png 768w, https:\/\/pixelfy.ro\/gpl\/wp-content\/uploads\/2026\/02\/filtr-twister_3-1536x1536.png 1536w, https:\/\/pixelfy.ro\/gpl\/wp-content\/uploads\/2026\/02\/filtr-twister_3-740x740.png 740w, https:\/\/pixelfy.ro\/gpl\/wp-content\/uploads\/2026\/02\/filtr-twister_3-770x770.png 770w, https:\/\/pixelfy.ro\/gpl\/wp-content\/uploads\/2026\/02\/filtr-twister_3.png 1920w\" sizes=\"(max-width: 847px) 100vw, 847px\" \/>\t\t\t\t\t\t\t\t\t\t\t\t\t<\/div>\n\t\t\t\t<\/div>\n\t\t\t\t\t<\/div>\n\t\t<\/div>\n\t\t\t\t<div class=\"elementor-column elementor-col-25 elementor-inner-column elementor-element elementor-element-76d8934 dsvy-bg-color-over-image\" data-id=\"76d8934\" data-element_type=\"column\">\n\t\t\t<div class=\"elementor-widget-wrap elementor-element-populated\">\n\t\t\t\t\t\t<div class=\"elementor-element elementor-element-dee5efd elementor-widget elementor-widget-image\" data-id=\"dee5efd\" data-element_type=\"widget\" data-widget_type=\"image.default\">\n\t\t\t\t<div class=\"elementor-widget-container\">\n\t\t\t\t\t\t\t\t\t\t\t\t\t<img decoding=\"async\" width=\"847\" height=\"847\" src=\"https:\/\/pixelfy.ro\/gpl\/wp-content\/uploads\/2026\/02\/filtr-twister-360_1.jpg\" class=\"attachment-large size-large wp-image-10005\" alt=\"\" srcset=\"https:\/\/pixelfy.ro\/gpl\/wp-content\/uploads\/2026\/02\/filtr-twister-360_1.jpg 900w, https:\/\/pixelfy.ro\/gpl\/wp-content\/uploads\/2026\/02\/filtr-twister-360_1-300x300.jpg 300w, https:\/\/pixelfy.ro\/gpl\/wp-content\/uploads\/2026\/02\/filtr-twister-360_1-150x150.jpg 150w, https:\/\/pixelfy.ro\/gpl\/wp-content\/uploads\/2026\/02\/filtr-twister-360_1-768x768.jpg 768w, https:\/\/pixelfy.ro\/gpl\/wp-content\/uploads\/2026\/02\/filtr-twister-360_1-740x740.jpg 740w, https:\/\/pixelfy.ro\/gpl\/wp-content\/uploads\/2026\/02\/filtr-twister-360_1-770x770.jpg 770w\" sizes=\"(max-width: 847px) 100vw, 847px\" \/>\t\t\t\t\t\t\t\t\t\t\t\t\t<\/div>\n\t\t\t\t<\/div>\n\t\t\t\t\t<\/div>\n\t\t<\/div>\n\t\t\t\t<div class=\"elementor-column elementor-col-25 elementor-inner-column elementor-element elementor-element-5d79402 dsvy-bg-color-over-image\" data-id=\"5d79402\" data-element_type=\"column\">\n\t\t\t<div class=\"elementor-widget-wrap elementor-element-populated\">\n\t\t\t\t\t\t<div class=\"elementor-element elementor-element-ff5e78b elementor-widget elementor-widget-image\" data-id=\"ff5e78b\" data-element_type=\"widget\" data-widget_type=\"image.default\">\n\t\t\t\t<div class=\"elementor-widget-container\">\n\t\t\t\t\t\t\t\t\t\t\t\t\t<img fetchpriority=\"high\" decoding=\"async\" width=\"847\" height=\"847\" src=\"https:\/\/pixelfy.ro\/gpl\/wp-content\/uploads\/2026\/02\/filtr-twister_3-1024x1024.png\" class=\"attachment-large size-large wp-image-10004\" alt=\"\" srcset=\"https:\/\/pixelfy.ro\/gpl\/wp-content\/uploads\/2026\/02\/filtr-twister_3-1024x1024.png 1024w, https:\/\/pixelfy.ro\/gpl\/wp-content\/uploads\/2026\/02\/filtr-twister_3-300x300.png 300w, https:\/\/pixelfy.ro\/gpl\/wp-content\/uploads\/2026\/02\/filtr-twister_3-150x150.png 150w, https:\/\/pixelfy.ro\/gpl\/wp-content\/uploads\/2026\/02\/filtr-twister_3-768x768.png 768w, https:\/\/pixelfy.ro\/gpl\/wp-content\/uploads\/2026\/02\/filtr-twister_3-1536x1536.png 1536w, https:\/\/pixelfy.ro\/gpl\/wp-content\/uploads\/2026\/02\/filtr-twister_3-740x740.png 740w, https:\/\/pixelfy.ro\/gpl\/wp-content\/uploads\/2026\/02\/filtr-twister_3-770x770.png 770w, https:\/\/pixelfy.ro\/gpl\/wp-content\/uploads\/2026\/02\/filtr-twister_3.png 1920w\" sizes=\"(max-width: 847px) 100vw, 847px\" \/>\t\t\t\t\t\t\t\t\t\t\t\t\t<\/div>\n\t\t\t\t<\/div>\n\t\t\t\t\t<\/div>\n\t\t<\/div>\n\t\t\t\t<div class=\"elementor-column elementor-col-25 elementor-inner-column elementor-element elementor-element-2375694 dsvy-bg-color-over-image\" data-id=\"2375694\" data-element_type=\"column\">\n\t\t\t<div class=\"elementor-widget-wrap elementor-element-populated\">\n\t\t\t\t\t\t<div class=\"elementor-element elementor-element-45022e8 elementor-widget elementor-widget-image\" data-id=\"45022e8\" data-element_type=\"widget\" data-widget_type=\"image.default\">\n\t\t\t\t<div class=\"elementor-widget-container\">\n\t\t\t\t\t\t\t\t\t\t\t\t\t<img decoding=\"async\" width=\"847\" height=\"847\" src=\"https:\/\/pixelfy.ro\/gpl\/wp-content\/uploads\/2026\/02\/filtr-twister-360_1.jpg\" class=\"attachment-large size-large wp-image-10005\" alt=\"\" srcset=\"https:\/\/pixelfy.ro\/gpl\/wp-content\/uploads\/2026\/02\/filtr-twister-360_1.jpg 900w, https:\/\/pixelfy.ro\/gpl\/wp-content\/uploads\/2026\/02\/filtr-twister-360_1-300x300.jpg 300w, https:\/\/pixelfy.ro\/gpl\/wp-content\/uploads\/2026\/02\/filtr-twister-360_1-150x150.jpg 150w, https:\/\/pixelfy.ro\/gpl\/wp-content\/uploads\/2026\/02\/filtr-twister-360_1-768x768.jpg 768w, https:\/\/pixelfy.ro\/gpl\/wp-content\/uploads\/2026\/02\/filtr-twister-360_1-740x740.jpg 740w, https:\/\/pixelfy.ro\/gpl\/wp-content\/uploads\/2026\/02\/filtr-twister-360_1-770x770.jpg 770w\" sizes=\"(max-width: 847px) 100vw, 847px\" \/>\t\t\t\t\t\t\t\t\t\t\t\t\t<\/div>\n\t\t\t\t<\/div>\n\t\t\t\t\t<\/div>\n\t\t<\/div>\n\t\t\t\t\t<\/div>\n\t\t<\/section>\n\t\t\t\t\t<\/div>\n\t\t<\/div>\n\t\t\t\t\t<\/div>\n\t\t<\/section>\n\t\t\t\t<\/div>\n\t\t","protected":false},"excerpt":{"rendered":"<p>Filtre GPL Twister 360 PROTEJEAZA-TI INVESTITIA CU CELE MAI PERFORMANTE FILTRE! Supergaz utilizeaza filtre GPL Twister, de calitate superioara. Din analiza proprie, in service-urile noastre, am reusit cresterea duratei de viata al injectoarelor si al rampilor de injectie cu conditia schimbarii lor la maxim 15.000 km-20.000km\u00a0din cauza gazului de proasta calitate din Romania. Gazul introdus \u00een filtru este pus \u00een mi\u0219care sub form\u0103 de vortex \u00een interiorul corpului filtrului \u0219i[&hellip;]<\/p>\n","protected":false},"author":1,"featured_media":0,"parent":0,"menu_order":0,"comment_status":"closed","ping_status":"closed","template":"","meta":{"_acf_changed":false,"ngg_post_thumbnail":0,"footnotes":""},"class_list":["post-9889","page","type-page","status-publish","hentry"],"acf":[],"_links":{"self":[{"href":"https:\/\/pixelfy.ro\/gpl\/wp-json\/wp\/v2\/pages\/9889","targetHints":{"allow":["GET"]}}],"collection":[{"href":"https:\/\/pixelfy.ro\/gpl\/wp-json\/wp\/v2\/pages"}],"about":[{"href":"https:\/\/pixelfy.ro\/gpl\/wp-json\/wp\/v2\/types\/page"}],"author":[{"embeddable":true,"href":"https:\/\/pixelfy.ro\/gpl\/wp-json\/wp\/v2\/users\/1"}],"replies":[{"embeddable":true,"href":"https:\/\/pixelfy.ro\/gpl\/wp-json\/wp\/v2\/comments?post=9889"}],"version-history":[{"count":8,"href":"https:\/\/pixelfy.ro\/gpl\/wp-json\/wp\/v2\/pages\/9889\/revisions"}],"predecessor-version":[{"id":10008,"href":"https:\/\/pixelfy.ro\/gpl\/wp-json\/wp\/v2\/pages\/9889\/revisions\/10008"}],"wp:attachment":[{"href":"https:\/\/pixelfy.ro\/gpl\/wp-json\/wp\/v2\/media?parent=9889"}],"curies":[{"name":"wp","href":"https:\/\/api.w.org\/{rel}","templated":true}]}}